f - 1. Let q = 760 - 761. What is j(q)?
-33
Let t(y) = y. Let p(g) = g**3 - 12*g**2 + 31*g + 9. Let q be p(8). Give t(q).
1
Let c(j) = -4*j**3 - 3*j**2 - 4*j - 16. Let y(g) = -g**3 + g**2 + 3*g. Let k(s) = -c(s) + 5*y(s). What is k(10)?
6
Suppose l + 6 = -l. Let s(x) be the second derivative of 1/3*x**4 + 4*x + 0 + 1/20*x**5 + 1/2*x**3 + 3/2*x**2. Determine s(l).
3
Let j(i) = -4*i**3 + 2*i + 1. Let y be j(-1). Let h(c) = 6*c**2 - 9*c - 29. Let q(x) = -x**2 + x + 5. Let t(g) = -h(g) - 5*q(g). Calculate t(y).
7
Let o(d) = d. Let t be o(-7). Let w be ((-105)/2)/t*(-4)/6. Let h(a) = a**3 + 5*a**2 + a + 6. What is h(w)?
1
Let u(c) = c**3 + c**2 + 2. Let j be u(0). Let y(m) be the first derivative of -m**2 + m + 2. Calculate y(j).
-3
Let c(x) be the third derivative of x**5/60 - 7*x**4/24 - x**3/2 + 40*x**2. What is c(9)?
15
Let r be 7/5*(20 - 15). Let m(g) = g**3 - 8*g**2 + 8*g. Calculate m(r).
7
Let d(c) = -c**3 + 304 + 16*c**2 + 3*c + 13*c - 291. Give d(17).
-4
Let y(a) be the first derivative of a**3/3 - a**2/2 - 4*a - 17. Let h(f) = -f**3 + 3*f**2 + 5*f. Let j be h(4). Let u be (j/(-12))/((-3)/27). What is y(u)?
2
Let x(p) = 3*p**2 - p + 14. Let u(f) = 2*f**2 - f + 7. Let t(m) = 5*u(m) - 3*x(m). What is t(5)?
8
Let f(s) = s**2 - 6*s + 9. Let u = 11 + -5. What is f(u)?
9
Let t(w) = -2*w + 1. Let b be ((-9)/(-6))/((-3)/(-6)). Suppose 8 = 3*u - 1, 5*i = b*u - 4. Suppose -2 = -s + i. What is t(s)?
-5
Let o = 2 - 16. Let a = 19 + o. Let b(p) be the first derivative of -p**4/4 + 4*p**3/3 + 5*p**2/2 - 2*p - 1. Calculate b(a).
-2
Suppose 2*p = 2*z + 12 + 2, -z = -4*p + 13. Let a be 3/(z/((-80)/(-12))). Let r(c) = -2*c + 3. Give r(a).
11
Let h(y) be the second derivative of y**5/20 + 5*y**4/12 - y**2/2 - 1205*y. Let g be -2 + -4 - (-2)/2. Calculate h(g).
-1
Suppose -2*k + 3 = -k. Let o(u) = -u**3 + 7*u**2 - 3*u + 6. Let c(s) = s**2 + 1. Suppose -4*r + 1 = -5*r. Let y(x) = r*o(x) + 4*c(x). Determine y(k).
7
Let q(d) = -10*d**3 + d - 1. Let c be (0/(-2))/(7 + -6). Suppose -3*p - 20 + 60 = -2*b, 0 = 3*b - 3. Suppose 0 = v - c*f - 4*f + 11, v - 5*f + p = 0. Give q(v).
-10
Let d(i) be the third derivative of i**5/60 + 5*i**4/12 + 178*i**2. Let g be 6/3*(2 + -7). What is d(g)?
0
Suppose 3*t + 3*b - 32 = -2*t, 5*b = 2*t + 12. Suppose 2*d - 3*f = -8, -3*d - t*f = -8 - 14. Let v(i) = -3 - 3*i - 1 - 2*i**d - 4*i. What is v(-4)?
-8
Let h(t) = t**2 - 10*t - 2. Let r(b) = 2*b**2 - 19*b - 4. Let q = -39 - -50. Let p(u) = q*h(u) - 6*r(u). Calculate p(3).
5
Let t(a) = 2*a + a - 1 + 0. Let s be (-13)/5 - ((-72)/20 + 4). Determine t(s).
-10
Suppose -12 = t + 5. Let x = -17 - t. Let p(a) = 0*a + x + 0 - a. Calculate p(-1).
1
Let z be (4/((-12)/(-15)))/((-1)/(-1)). Let k(c) = -3 + 3*c - 5*c + z*c + 0. What is k(3)?
6
Suppose -g = -4*k + 9, 0 = 2*k + 5*g - 3*g - 2. Let d(z) = 3*z**2 + 16*z - 3*z**k - z**2 - 13*z. Let h be (-1)/(1*2/(-8)). Give d(h).
-4
Suppose 18*z = 14*z - 24. Let a(g) = 2*g**2 + 7*g + 3. Determine a(z).
33
Let y(i) = -4*i**2 - 181*i - 48. Let w be y(-45). Let h(r) = -17*r + 5. Give h(w).
56
Let m(a) = 5*a**2 - 1. Let r be (-1 - -2) + 2 - 1. Suppose -r*l - 4 = -2. Let u = -2 - l. Give m(u).
4
Let i(b) = -5*b + 6*b**2 + 3*b - 2*b**3 - 12*b**2 + 0*b**2. Calculate i(-3).
6
Let h(t) = -t**2 - 8*t + 10. Suppose i = -263 + 254. Calculate h(i).
1
Let w(t) = -3*t - 2. Suppose -49*y - 5 = -48*y. Give w(y).
13
Let s(o) = -2 + 3*o - o**3 + 3*o - 6 - 6*o**2. Let f = 25 + -32. What is s(f)?
-1
Let n(k) = -8*k**2 - 6*k**3 - 1122*k + 0*k**3 + 1115*k - 21 + 7*k**3. What is n(9)?
-3
Let s(r) = 1 - 4*r - r + 6*r - 2*r. What is s(1)?
0
Suppose 3*n = 2*l + 28, -n - 18 - 52 = 5*l. Let p(f) = -3*f + 1. Let v be p(-3). Let j = v + l. Let m(a) = -a**3 - 4*a**2 - 4. What is m(j)?
-4
Let p(t) be the second derivative of -1/2*t**3 + 1/2*t**2 + 1/4*t**4 + 6*t + 0. Let w(y) = -4*y**2 + 3*y. Let h(s) = 3*p(s) + 2*w(s). Calculate h(3).
3
Let i(o) = o - 4. Let h(l) = 2*l + 7. Let u(m) = m + 4. Let c(g) = -2*h(g) + 5*u(g). Let a be c(7). Suppose a = w + 7. Give i(w).
2
Let t = -992 - -995. Let z(a) = a**3 - 2*a**2 - 2*a. Calculate z(t).
3
Let f(a) = a - 1. Suppose 0 = -n - 5*n - 18. Let t be n/18 + 10/(-12). Let l(o) = -2*o**2 + 3*o + 4. Let y be l(t). Give f(y).
-2
Suppose 2*n = -0*n. Let p(i) = 4 - 14*i + i**3 - i**2 + 0*i + 13*i. Let a be p(n). Let h(r) = -2*r - 2. Calculate h(a).
-10
Let t(h) be the second derivative of h**5/20 + h**4/2 + h**2 - 325*h. What is t(-5)?
27
Let o(m) = m**2 - 17*m - 68. Let h be o(20). Let f(v) be the first derivative of v**4/4 + 3*v**3 + 9*v**2/2 + 9*v + 2. Calculate f(h).
1
Let d(r) = 6*r - 18 - 5*r - 17 - 13 + 66. Calculate d(-6).
12
Let y = 1057 + -1063. Let d(s) = -3*s - 5. What is d(y)?
13
Let i(f) = f**2 - 7*f - 1. Let t(w) = w**3 + 12*w**2 - 13*w + 14. Let u be t(-13). Let r = u + -8. Give i(r).
-7
Suppose 33*y - 22*y - 22 = 0. Let w(r) = 0*r**2 - 334 + 335 - 2*r**2 - 4*r**3 + r**y + r. Determine w(-1).
3
Let z(w) = 2*w + 5. Suppose -12*o - 1 = 11. Let x(a) = 14*a + 8. Let i be x(o). What is z(i)?
-7
Let z(h) = 3*h - 8*h - 4*h + 16*h - h - 31. Give z(5).
-1
Let m(h) = -h**2 - h - 1. Suppose -u - 49 = -5*f, 4*f - 4*u - u = 56. Let j = f + -7. Give m(j).
-7
Suppose -10 = -7*f + 2*f, -5*x + 40 = 5*f. Let j(k) = -3*k + k + 3*k. Let d(y) = -9*y + 8. Let t(q) = d(q) + 5*j(q). Give t(x).
-16
Let w = 7 + -4. Let s(r) = -r + 2*r - w*r - r**2 + 4*r. Let v(t) = t**3 + 3*t**2 - t - 2. Let o be v(-2). What is s(o)?
-8
Let k(y) = 9*y. Let f(h) = -11*h - 1. Let l(o) = 2*o - 10. Let p be l(8). Let b(u) = p*k(u) + 5*f(u). What is b(-6)?
1
Let x(o) = 42*o + 72. Let s be x(-5). Let g = -132 - s. Let y(c) be the first derivative of c**3/3 - c**2 - 7*c - 1. Give y(g).
17
Let z(p) = p + 0 - 32 + 0 + 36. Determine z(1).
5
Let u(l) = l**2 - 10*l + 7. Let c(j) = -8*j**2 + 18*j**2 + 6*j**3 - 9*j**2. Let w be c(1). What is u(w)?
-14
Let l be 4 - 1 - (-13 + 144/12). Let m(g) = -g**3 + 3*g**2 - 3*g + 4. What is m(l)?
-24
Let i be (-22 + 28)*2/3. Let h(f) = -f**2 + 2*f - 5. Calculate h(i).
-13
Suppose -r - 4 = -4*p, 0*r - p = -r + 8. Suppose -3*h = 3*h - r. Let a(n) = -2 + 3 + 2 - 4*n. Calculate a(h).
-5
Let w(t) = t**2 + 2*t - 2. Let s = 54 - 30. Suppose 2*g + 5 - 41 = -4*n, -4*g + 40 = 4*n. Suppose s = -0*l - l - 5*q, -5*l + 3*q - n = 0. Give w(l).
6
Let r(x) = x**2 - 5*x - 9. Suppose 0 = 7*y - 235 + 39. Suppose y = 69*l - 65*l. Give r(l).
5
Suppose -r = 15*r + 128. Let h be ((-160)/(-12))/(-2) - r/12. Let j(s) = 3*s + 8. Give j(h).
-10
Let z be -7*((-18)/(-15))/((-7)/5). Let p(m) be the first derivative of m**2/2 - 10*m + 1. What is p(z)?
-4
Let g be 3 - (-3 + 2 + 5). Let k(z) be the third derivative of z**6/40 + z**5/60 + 11*z**2. Give k(g).
-2
Let r(y) = -4 - 6*y**2 + 12*y + y**3 - 22*y - 5 + 12*y. Determine r(6).
3
Let m(y) = -y**2 + y + 13. Let v be -2 - (6/(-15))/((-2)/(-10)). What is m(v)?
13
Let l(h) be the first derivative of -11 + 1/3*h**3 + h - 5/2*h**2. Calculate l(5).
1
Let f(u) = -3 - 11*u + 6*u + 6*u**2 + 2*u. Give f(-2).
27
Let r = 24 + -21. Let y(j) = -17 + 2*j + j - 2*j - r*j. Let b be y(-9). Let c(t) = -6*t**3 + t**2 - t + 1. Determine c(b).
-5
Let p(r) = 20*r**2 + 9*r + 26. Let a(i) = 9 + 8*i + 11*i + 7*i**2 - 16*i. Let m(k) = -17*a(k) + 6*p(k). Suppose -4*l = 3 + 9. Give m(l).
3
Let y(i) be the second derivative of 7*i**5/20 + i**4/6 + i**3/3 + i**2/2 + 3*i + 2866. Suppose -5*r = -2*c - 17, 3*r - 13 = 4*c - 0*c. Give y(c).
-6
Let z(j) = j**3 - 4*j - 1. Let c be z(-3). Let d = c + 21. Suppose -d*f = -f - 12. Let i(y) = -y**2 - 1. Calculate i(f).
-10
Suppose -23*i = 6*i - 319. Let n(g) = -g**2 + 10*g + 14. Calculate n(i).
3
Let i(n) = -6 + 7*n + n**2 - 5 + 2 + 2. Calculate i(-6).
-13
Suppose 0 = -w - 2*n + 2, -4*w - 23*n = -19*n - 12. Let r(s) be the first derivative of 4/3*s**3 + 9 - s**2 + 1/4*s**w + 3*s. Determine r(-4).
11
Let v(l) = 4 + 29*l + 26*l + 31*l - 113*l + 26*l. Suppose -12 = -3*n, -3*q = -4*q + 2*n - 11. Calculate v(q).
7
Let t(n) = 51*n + 303. Let r be t(-6). Let u(f) = f**3 + 6*f**2 - 3. What is u(r)?
24
Let x(w) = -3*w**3 - 23*w**2 + 14*w + 10. Suppose -5*v = 1 + 9. Let m(n) = -n**3 - 11*n**2 + 7*n + 5. Let b(k) = v*x(k) + 5*m(k). Determine b(8).
-3
Let g(x) = 2*x - 1. Suppose -16*y + 120 = -12*y. Suppose 0 = 3*r - y + 18. Give g(r).
